306 + (-1)/9. Let p = 661 + z. Is p a composite number?
True
Let g be (-1)/((-3)/12*1). Let s(t) = -527*t - 13. Let o be s(g). Let i = -958 - o. Is i composite?
False
Suppose -12382788 = 237*i - 281*i. Is i prime?
False
Let l(w) = -43*w + 14. Let t be l(-5). Let j be (-22)/(-5) + 6/(-15). Suppose -d = -5*o + j*d + 1085, 5*d - t = -o. Is o a prime number?
False
Let b(s) = 3*s**2 - 19*s - 5. Let o be b(-13). Suppose 0 = 4*k + 4*w - 3*w + 1513, 2*k = -3*w - o. Is (-4)/8*2*5*k a prime number?
False
Let l(m) be the third derivative of -2*m**6/15 + 7*m**5/60 + m**4/4 + 2*m**3/3 - m**2 + 12*m. Is l(-5) prime?
False
Suppose 3*h + 390 = -z - 268, -4*z - 5*h - 2646 = 0. Let g = 990 + z. Is g a prime number?
False
Let n(p) = -177*p + 190. Suppose -5*a + 3*a - 26 = 2*s, 2*a = -3*s - 35. Is n(s) a composite number?
False
Let h = 12 + 31. Let r = h - 37. Is 913 + (-6 + r)*1/(-2) a composite number?
True
Let r(f) = 221*f**2 - 3*f. Let s be r(2). Suppose -33928 = -s*l + 870*l. Is l a composite number?
False
Let h be (-8)/(-12)*3*4289. Suppose 0*b = -2*b + 3*j - 5719, 0 = 3*b - 5*j + h. Let i = b + 5298. Is i composite?
False
Let h(z) = 26*z**2 + 4*z + 13. Let o be (6/4 + -2)*0/4. Let u be -4 + (o - -13) + -2. Is h(u) prime?
False
Let b = 34084 - -5523. Is b prime?
True
Suppose -5705877 = -5*y - 200*s + 199*s, 4*y - 4564700 = -s. Is y a composite number?
True
Suppose -24*z - 4*x + 503976 = -20*z, 125966 = z + 5*x. Is z composite?
False
Let f = 4860 + -10509. Let o = 332 - f. Is o composite?
False
Suppose 0 = -2*m - 32*g + 28*g + 182362, -4*m + 5*g = -364737. Is m prime?
True
Suppose -r = 5*d + 10, 2*d - r = 4*r + 23. Let w be d - -1419 - (-5 - -4) - -3. Let h = w + -581. Is h prime?
False
Suppose 316330 = 2*b + 6*q - 2*q, 3*q = 5*b - 790838. Is b a prime number?
False
Suppose -3*j - 3*m = -681018, 467*j - 463*j - 908064 = 4*m. Is j a composite number?
False
Suppose 3*t - 2370*x - 394435 = -2366*x, 0 = -4*t + 2*x + 525940. Is t prime?
True
Let f = -3 - -4. Let i = -13 - f. Is 2/i - 2318/(-7) composite?
False
Let y(a) = -a**3 + 3*a**2 + a - 4. Let v be y(2). Suppose n + v*h + 5 = h, -4*n - h - 26 = 0. Let x(f) = -84*f - 25. Is x(n) a prime number?
True
Let z be (-87)/(-696) - 2/16. Let k(f) = -f**3 - 4*f**2 + 2777. Is k(z) a composite number?
False
Let g(d) = -1402*d + 405. Let u(m) = -701*m + 202. Let l(y) = 6*g(y) - 13*u(y). Is l(7) a composite number?
True
Suppose -3*a + 171 = 9*t - 7*t, -252 = -3*t - 3*a. Suppose 2*s - t - 795 = 0. Let m = 891 - s. Is m a composite number?
True
Suppose -4*l + 2*w + 77 = 7*w, 2 = 2*w. Suppose -5*n - l = -3*c, -4*c = 2*n - 0*c + 2. Let z = 2336 + n. Is z prime?
True
Let f(t) = -18*t**3 - 3*t**2 - 3*t - 3. Let q be f(-2). Let h be 60/q + 712/18. Is 6/(-8) - (-48070)/h a prime number?
True
Let s(j) be the second derivative of -3*j**5/20 - 3*j**4/2 - 2*j**3/3 + 3*j**2 + 6*j. Let z be 217/(-28) - (-3)/4. Is s(z) composite?
False
Suppose 0 = -y + 4*r + 1445349, -891*r + 896*r + 4335991 = 3*y. Is y prime?
True
Suppose 3*c + 5*a = 148696, 62*c - 61*c - 4*a = 49605. Is c a prime number?
False
Let c(l) = -l**3 + 6*l**2 + 6*l + 5. Let w be c(7). Is (w/10)/((-32)/549280) prime?
True
Let h be (-10*(-1)/(-3))/(176/264). Is 526*(-3 + (-20)/h) a composite number?
True
Is ((-1289590)/(-15) - 0)*12/8 composite?
False
Let u = -315043 + 626762. Is u prime?
False
Let l(i) = 679*i - 1130. Is l(39) a prime number?
False
Let i(m) = 36*m + 11. Let h be (-60)/(-80)*(0 + -16). Let w be i(h). Let p = -35 - w. Is p a prime number?
False
Let a be (41/(-3))/((-1)/42). Suppose -2*h - l + a + 1222 = 0, -5*l = -3*h + 2681. Suppose 0 = -j + 5*g + h, 2*g + 0*g - 4377 = -5*j. Is j a composite number?
False
Is (-12)/28 + (-29)/((-2639)/7982468) composite?
False
Suppose 0 = 5*m + 3*f - 285115, -4*f - 29123 = -2*m + 84923. Is m a composite number?
True
Let f = -11477 - -170764. Is f a composite number?
False
Let j(x) = -598*x + 221. Let o be j(-18). Let c = -5758 + o. Is c a composite number?
False
Let d(z) = -399*z + 106. Suppose 3*i = 2*l + 2*i + 22, 4*i - 49 = 5*l. Is d(l) a prime number?
False
Suppose 0 = 5*r - 5*k - 381650, -5*r + 543793 = -k + 162143. Suppose -24*s + r = -7982. Is s prime?
False
Let r(c) = 6*c - 9. Let k be r(2). Suppose 3*j - 18 = -k*j. Is (-2 - -166) + j + -4 a prime number?
True
Suppose -30*n + 25 = -575. Suppose -24*m + n*m = -12076. Is m composite?
False
Suppose 17*r - 18*r + 62 = 0. Suppose -68*h + 7494 = -r*h. Is h a prime number?
True
Let i(z) = z**3 - 2*z**2 - z + 2. Let w be i(5). Suppose 790 = 2*q + w. Suppose q + 1014 = o. Is o a composite number?
False
Suppose -27*n + 1144 = 26*n + 90*n. Let v be 1/(-2) + 5385/2. Suppose 4*y + v = n*y. Is y prime?
True
Suppose -96*q + 92*q + 394616 = 0. Suppose 9926 - q = -24*p. Is p a composite number?
False
Suppose -2*y = 3*z + 34080 - 120197, 5*y = 3*z + 215324. Is y a composite number?
False
Suppose -111*m + 950673 = -1310508. Is m composite?
True
Let j(l) = -4733*l + 5. Let g be j(-1). Suppose 5*u - g = -3*o, 8*o - 4*o = 3*u - 2837. Is u prime?
True
Let h(n) = -28087*n - 12048. Is h(-11) composite?
False
Let v be (((-2)/(-1))/(-6))/(12/(-108)). Let w(r) = 16*r**3 + 2*r**2 - 8*r + 13. Is w(v) composite?
False
Suppose 2*j - 32 = -28. Suppose -n + 545 = s + 3*n, j*n = -4. Is s composite?
True
Suppose 5844820 = 4*p + 2*a - 10238192, -2*a + 16 = 0. Is p a prime number?
True
Let u = 1919717 + -1116510. Is u prime?
True
Let v = 113 + -84. Let f = v + 34. Suppose -d = -4*r - 45, -f = -2*d + 3*r - 4*r. Is d a prime number?
False
Let p = -63091 + 285338. Is p prime?
True
Suppose 12*y - 32545 = 13199. Suppose -y = -4*f - 0*f. Is f prime?
True
Suppose 9*y = 4*y - 4*t + 2983, 2*y - 3*t - 1184 = 0. Let n = 57 - 55. Suppose -5*f + 0*f = -5*d - 630, 5*f + n*d = y. Is f composite?
True
Let z(w) = 19895*w**2 - 38*w - 77. Is z(-2) prime?
True
Let y = -1027 + 3050. Suppose 0 = -5*r + 4*c + 5049, 7*c + y = 2*r + 2*c. Is r prime?
True
Let c(i) be the first derivative of -i**4/2 + 4*i**3/3 + 3*i**2 + 5*i - 20. Let s be c(4). Let x = 229 + s. Is x composite?
True
Let t = 81806 - 55656. Suppose -i = 2*s + 3409 - t, 5*i = -2*s + 22737. Is s a composite number?
True
Let x = -47312 + 192939. Is x composite?
True
Suppose -23 = -3*y + 4*j, 0 = y - j + 2*j - 3. Suppose 5*n - 25 = 2*k - 4*k, -n + y*k = 22. Suppose v = 2*t - 3*v - 1786, 4472 = 5*t - n*v. Is t composite?
True
Suppose 0*s = -5*s + 4*y + 4, 2*s = -y + 12. Let g(i) = 2*i - 10. Let j be g(s). Is (-315)/j - (-13)/(-26) a composite number?
False
Let x(y) = 415*y**3 - 8*y**2 - 11*y + 5. Is x(7) composite?
True
Let i(r) = 3693*r**2 + 813*r - 7883. Is i(10) a composite number?
True
Let d = 289434 - 202023. Is d a prime number?
False
Let g(i) = 2214*i - 937. Is g(20) a prime number?
False
Let t(q) = -922*q**3 - 3*q**2 + 15*q + 83. Is t(-4) prime?
False
Let p = 161001 - 78410. Is p a prime number?
True
Suppose -z - 7*z + 8 = 0. Is 1493 + z - (-11 + 6) a composite number?
False
Suppose -b + 2*b + 5773 = -4*t, 3*t - 5*b + 4301 = 0. Let q = t - -7869. Is q composite?
False
Let d(l) = -143*l - 27. Suppose 0 = 2*u - 2 - 6. Suppose 4*k = -w - 0*k - 4, u*w + 29 = -3*k. Is d(w) composite?
False
Is 2*87771/3 + (-12 - -9) a prime number?
True
Let c = 102381 - -39362. Is c composite?
True
Let i(a) = -152*a**2 + 61*a - 2. Let q be i(6). Let p = 7915 + q. Is p a prime number?
False
Is 301833/45*15/9 composite?
True
Let v(z) = -77*z + 29. Suppose 5*o - 19 = 11. Let t be v(o). Let b = -174 - t. Is b a prime number?
False
Let a = -159475 + 289002. Is a a composite number?
False
Suppose -24*y = -17*y. Suppose -43*z + 46*z - 6537 = y. Is z composite?
False
Let s = -14518 - -25619. Is s a composite number?
True
Let q = 358114 + -13343. Is q a composite number?
True
Let t = -134 - -123. Let z(x) = x**3 + 12*x**2 + x - 17. Is z(t) composite?
True
Let u(d) be the third derivative of -13*d**6/24 + d**5/20 + d**4/3 - 11*d**3/6 + 157*d**2. Is u(-5) composite?
True
Suppose -6*w - 7*w = -2432839 - 2076718. Is w a composite number?
True
Let d(n) = 3358*n**2 + 2*n + 35. Is d(4) composite?
True
Suppose -385*x + 1236415 = -354*x + 130521. Is x a composite number?
True
Is 222238 - (((-1848)/55)/(-24))/(2/(-10)) composite?
True
Suppose -5*s = -3*s + 30. Let m(h) = -3*h**3 - 27*h**2 + 16*h + 5. Le